{"id":1554,"date":"2020-05-19T07:22:16","date_gmt":"2020-05-19T07:22:16","guid":{"rendered":"https:\/\/brandafricaproject.com\/sadclabourlawguide\/a-propos-de-la-sadc\/"},"modified":"2023-11-16T05:32:24","modified_gmt":"2023-11-16T05:32:24","slug":"a-propos-de-la-sadc","status":"publish","type":"page","link":"https:\/\/thespsf.com\/sadclabourlawguide\/a-propos-de-la-sadc\/?lang=fr","title":{"rendered":"\u00c0 propos de la SADC"},"content":{"rendered":"<p>La Communaut\u00e9 de d\u00e9veloppement de l'Afrique australe (SADC) a \u00e9t\u00e9 cr\u00e9\u00e9e en 1980 et transform\u00e9e en communaut\u00e9 de d\u00e9veloppement en 1992. Son objectif est de promouvoir une croissance \u00e9conomique et un d\u00e9veloppement socio-\u00e9conomique durables et \u00e9quitables gr\u00e2ce \u00e0 des syst\u00e8mes de production efficaces, une coop\u00e9ration et une int\u00e9gration plus approfondies, une bonne gouvernance et une paix et une s\u00e9curit\u00e9 durables entre quinze \u00c9tats membres d'Afrique australe.<\/p>\n","protected":false},"excerpt":{"rendered":"<p>La Communaut\u00e9 de d\u00e9veloppement de l&#8217;Afrique australe (SADC) a \u00e9t\u00e9 cr\u00e9\u00e9e en 1980 et transform\u00e9e en communaut\u00e9 de d\u00e9veloppement en 1992. Son objectif est de promouvoir une croissance \u00e9conomique et un d\u00e9veloppement socio-\u00e9conomique durables et \u00e9quitables gr\u00e2ce \u00e0 des syst\u00e8mes de production efficaces, une coop\u00e9ration et une int\u00e9gration plus approfondies, une bonne gouvernance et une &hellip; <a href=\"https:\/\/thespsf.com\/sadclabourlawguide\/a-propos-de-la-sadc\/?lang=fr\" class=\"more-link\">Continue reading<span class=\"screen-reader-text\"> &#8220;\u00c0 propos de la SADC&#8221;<\/span><\/a><\/p>\n","protected":false},"author":1,"featured_media":0,"parent":0,"menu_order":25,"comment_status":"closed","ping_status":"closed","template":"template-pages\/about-sadc.php","meta":{"inline_featured_image":false,"footnotes":""},"_links":{"self":[{"href":"https:\/\/thespsf.com\/sadclabourlawguide\/wp-json\/wp\/v2\/pages\/1554"}],"collection":[{"href":"https:\/\/thespsf.com\/sadclabourlawguide\/wp-json\/wp\/v2\/pages"}],"about":[{"href":"https:\/\/thespsf.com\/sadclabourlawguide\/wp-json\/wp\/v2\/types\/page"}],"author":[{"embeddable":true,"href":"https:\/\/thespsf.com\/sadclabourlawguide\/wp-json\/wp\/v2\/users\/1"}],"replies":[{"embeddable":true,"href":"https:\/\/thespsf.com\/sadclabourlawguide\/wp-json\/wp\/v2\/comments?post=1554"}],"version-history":[{"count":36,"href":"https:\/\/thespsf.com\/sadclabourlawguide\/wp-json\/wp\/v2\/pages\/1554\/revisions"}],"predecessor-version":[{"id":2943,"href":"https:\/\/thespsf.com\/sadclabourlawguide\/wp-json\/wp\/v2\/pages\/1554\/revisions\/2943"}],"wp:attachment":[{"href":"https:\/\/thespsf.com\/sadclabourlawguide\/wp-json\/wp\/v2\/media?parent=1554"}],"curies":[{"name":"wp","href":"https:\/\/api.w.org\/{rel}","templated":true}]}}